 y + -5 + (-1 - 1). Let f(h) = 13*h - 3. Let v(i) = -7*i + 2. Let g(z) = -6*f(z) - 11*v(z). Calculate g(a).
1
Let m(h) = -h**3 - 6*h**2 + 8*h + 1. Let v(l) = -210*l - 638. Let a be v(-3). Determine m(a).
65
Let j(a) be the first derivative of a**3/6 - 4*a**2 + 14*a + 45. Let h(v) be the first derivative of j(v). Give h(7).
-1
Let r be ((-12)/(-5))/(2/10). Suppose -2*j = -8*j + r. Let z(n) = 9*n - 3. What is z(j)?
15
Let s(b) = -20*b - 5. Let c be s(-2). Let g = 30 - c. Let o(u) = 4*u**2 + u**3 + 4*u - 7 - u + 2*u**2. Give o(g).
3
Let a(u) = u**3 - 6*u**2 - 8*u + 10. Let o be a(7). Let s(i) be the second derivative of i**3/6 + i**2/2 + 43*i. Give s(o).
4
Let h(o) = -4*o**2 + 0*o**2 - 3*o**2 + 3*o**2. Suppose 0 = 3*s - 5*s + 4. Let b be (-2 - 2)/(-8)*s. What is h(b)?
-4
Let s = 151 + -112. Let c(q) = 3*q**3 - 4*q**2 + 37 - q**3 - s - q**3 + 2*q. Determine c(3).
-5
Suppose -16 = -2*q - 22*j + 19*j, 2*q - 4*j = 2. Let k(u) = -u**3 + 6*u**2 - u + 1. Determine k(q).
21
Let h(z) = 3*z**3 - 2 + z + 7 + z**3. Let l = -48 - -35. Let o(u) = 9*u**3 + 2*u + 11. Let y(x) = l*h(x) + 6*o(x). Calculate y(1).
2
Suppose 0 = 4*g, -2*d + g + 39 - 41 = 0. Let w(v) = v - 3. Let x be w(6). Let k(p) = -8*p**x + 2 - 2. Calculate k(d).
8
Let v(b) = b**3 - 16*b**2 + 16*b - 6. Let k = 380 + -365. What is v(k)?
9
Suppose 0 = k - 2*z - 16, -5*k - z + 25 = -0*k. Let j be -6*(-9)/k - -3. Let x(u) = u**3 + j*u + 13*u + 3*u**2 - 25*u + 4. Give x(-3).
4
Let z(j) = -3*j - 9. Let l be z(-7). Let r be l/(0 + (4 - 2)). Let p be 3 + (-3)/r*0. Let c(h) = -h**3 + 2*h**2 + h. Give c(p).
-6
Let i(t) = -3*t. Suppose 87 = 6*a + 87. What is i(a)?
0
Let i(s) = -230*s**3 + 4*s**2 - s**2 + 229*s**3 - 7*s + 4*s**2 + 0*s**2 + 7. What is i(6)?
1
Let l(t) be the third derivative of -t**5/60 - t**4/6 + 11*t**3/6 - 23*t**2. Give l(-8).
-21
Suppose 6*h = -h + 14. Let l(u) = 0*u**2 - u - 8 + 0 + 4 + u**h. Determine l(4).
8
Suppose -5*f = 5*g - 80, 0 = 2*f + 7*g - 10*g - 17. Let q(p) = -5*p + 17. Determine q(f).
-48
Let g(m) = -7*m**2 + 20. Let i(w) = 8*w**2 + 2*w - 21. Let j(x) = 7*g(x) + 6*i(x). Calculate j(10).
34
Let w(t) = -5*t - 7. Let n be w(-1). Let u(b) = b. What is u(n)?
-2
Let w(b) = -b**3 + 4*b**2 - 2*b + 1. Suppose 4*y + 3*t - 31 = 0, 2*y + t - 21 = -2*y. Suppose -4*l + 24*l = 0. Suppose l = -3*s + s + y. Determine w(s).
5
Let y(x) be the third derivative of -1/4*x**4 - 16*x**2 + 0*x + 0 - 1/2*x**3 + 1/120*x**6 + 1/15*x**5. Let r = -13 - -8. What is y(r)?
2
Let t(b) = b**3 + 6*b**2 + 5*b + 3. Let g(d) = 46*d - 695. Let z be g(15). What is t(z)?
3
Let s = -102 + 97. Let c(l) = l + 10. Determine c(s).
5
Let k(j) = -2*j + j + 28 - 24. Let q be k(3). Let n(d) = 7*d**2 - 2*d + 1. Calculate n(q).
6
Let u(p) = -p**3 + p**2 - p. Let k be u(0). Let w(m) = -3 - 10 + 28684*m - 14343*m - 14340*m. Determine w(k).
-13
Let q(m) = -m**2 + 7*m - 7. Let t be q(6). Let r(n) = n - 1. Let h = -41 + 44. Let x(g) = g - 2. Let z(p) = h*r(p) + t*x(p). Calculate z(3).
5
Let s(t) = 3*t - 37. Let z be s(13). Let j(d) = -d**3 + 0*d**2 - d**2 + 17 - 18 + d - z*d**2. Give j(-3).
-4
Suppose -35*l = -39*l + 36. Let i(a) = 12 - 4*a**2 + a**2 + 0*a**2 + 2*a**2 + 8*a. Give i(l).
3
Suppose -2*g - g - 94 = -y, -142 = 4*g + 2*y. Let x(i) = 9*i - 105. Let d(j) = -j + 13. Let s(t) = g*d(t) - 4*x(t). What is s(-6)?
9
Let n(i) be the second derivative of i**3/6 - 6*i**2 + 4*i + 1. Determine n(9).
-3
Let i(t) = t**2 - 9*t - 25. Let d be i(11). Let u(q) = q**3 - 3*q**2 - q - 8. Let g(v) = -2*v**3 + 5*v**2 + 2*v + 15. Let m(c) = 4*g(c) + 7*u(c). Give m(d).
19
Let b be (-2)/13 - 1152/117. Let m(s) = s**2 + 9*s - 13. What is m(b)?
-3
Let l be (-8)/44 - 31/11. Let b be (l - -6)*4/6. Let a(k) = k**3 - k**2 + 2*k + 1. What is a(b)?
9
Let v = -30 - -46. Suppose -w = -a + 4, 0 = -2*a - a + 5*w + v. Let k(q) = 8*q + 6*q**a - 2 + 3 - 6*q. What is k(-1)?
5
Let m(c) = 98*c - 202*c + 109*c. Determine m(2).
10
Let k(x) = -x**3 - 2*x**2 + 3*x + 4. Suppose 0 = 1215*h - 1228*h - 26. What is k(h)?
-2
Suppose o + 28 - 5 = 4*c, c = -3*o + 22. Let n be 29*5/(-25)*-5. Let l(v) = -16 - n - v + 52. Calculate l(c).
0
Let x(a) = 2*a - 2*a**2 + 0*a - 3*a**3 + 3*a**3 + a**3 - 4. Let t be x(2). Let r(i) = i + 2. Calculate r(t).
2
Let y = 4 + -5. Let l(i) be the third derivative of i**6/15 + i**4/24 + i**3/6 - 10*i**2. Determine l(y).
-8
Let b = -4684 + 4686. Let o(k) be the third derivative of 0 + 1/8*k**4 + k**2 + 1/3*k**3 + 0*k. Determine o(b).
8
Let y(i) be the third derivative of i**4/4 + 59*i**3/6 - i**2 - 13. Give y(-11).
-7
Let p(a) be the first derivative of -7*a**3/3 - 2*a**2 - 3*a - 166. Determine p(-2).
-23
Let w(d) = -3*d + 89. Let j be w(32). Let o(y) = -y - 6. Determine o(j).
1
Let x be 0 - (1/1 - 4). Suppose x = -4*f + f. Let b(g) = -g - g - 2*g. Give b(f).
4
Let o be 2/(-3*(-3)/9). Let d(r) = 0*r - 3*r + 6 - 2*r - 4*r. Let x(i) = 8*i - 5. Let v(t) = -6*d(t) - 7*x(t). Calculate v(o).
-5
Let b(q) be the third derivative of 1/40*q**5 + 1/24*q**4 - 1/360*q**6 + 0*q + 0 + 0*q**3 - 4*q**2. Let f(w) be the second derivative of b(w). What is f(2)?
-1
Let a(j) be the third derivative of j**4/24 + j**3/3 + 8*j**2 - 21. Let y be (0/1 - 1) + -2. Calculate a(y).
-1
Suppose 0 = -5*v - 20, 0*m + 2*m - 5*v = 26. Let k(y) = -253*y**2 + 253*y**2 - 4*y + m + 2*y**3. Determine k(2).
11
Let d(b) = 3*b + 6. Let y(a) = 9*a**3 + 1 - 8*a**3 + 2*a**2 - 8*a**2 + 7 - 2*a. Let f be y(6). Determine d(f).
-6
Let q(s) = -20*s - 1. Let m = -2701 + 2700. Give q(m).
19
Suppose 0 = 5*u - 27 - 53. Let g(r) = 0*r + 0*r + u - r**2 + 0*r + r. Give g(0).
16
Let r = 1019 - 1013. Let u(d) = -d - 3 - 5 + 4. Calculate u(r).
-10
Let d(v) = 3*v**2 + 8*v + 31. Let p(q) = q**2 + 3*q + 10. Let u(a) = -2*d(a) + 7*p(a). Let m(s) = -501*s + 0 + 496*s - 26. Let f be m(-4). What is u(f)?
14
Let u(v) = -v**2 + 32. Let x(g) = -85*g - 260. Let o be x(-3). Determine u(o).
7
Let c(u) = -7*u + 1. Let a(k) = -k. Let v(x) = 6*a(x) - c(x). What is v(1)?
0
Let j(w) = w**2 + 12*w - 156. Let u be j(-20). Let k(z) = -z**3 + 3*z**2 + 6*z - 8. Determine k(u).
0
Let d(k) = -k + 6. Let g = 17 + -14. Let t be d(g). Let s(i) = -6 + t - 3 + 7 - 3*i. What is s(-1)?
4
Suppose 96 = 3*p - 3*b, 5*p - 66 = 3*p + b. Let x = p - 28. Let h(q) = -q + 5. Give h(x).
-1
Let q(h) = -5*h**2 - 5 + 25*h**2 - 21*h**2 + 7*h. Let u(r) = -r**3 + 5*r**2 + 5*r + 8. Let w be u(6). Suppose 0 = -w*o + 9 + 3. Give q(o).
1
Let s be (-14 + 17)*(-1)/((-3)/2). Let q(g) = s + g - 6*g**2 - 4*g + g + 3*g**2. Give q(-2).
-6
Let n(r) = r**3 - 6*r**2 - r + 3. Let d(b) = -b**2 + 17*b + 38. Let y be d(19). Suppose 5*o - 8*o + 18 = y. What is n(o)?
-3
Suppose 4*h + 7 = 5*h. Suppose -13 = -q - 2*j + h*j, 5*j - 15 = 5*q. Let k(r) = -2*r + 1. Determine k(q).
15
Let g(x) = -8*x**3 + 2*x**2 + 3*x + 1. Let f = -3 + 1. Give g(f).
67
Suppose 0 = -17*m + 33*m. Let x(o) = o**3 - o**2 + o + 2. What is x(m)?
2
Let p(n) be the second derivative of n**3/2 + 3*n**2 + 5*n. Let o be 2/20*-4*20. What is p(o)?
-18
Let h(l) = 5*l. Let a be h(-1). Let p(t) be the first derivative of t**4/24 + 7*t**3/6 + 45*t**2/2 + 10. Let r(n) be the second derivative of p(n). Give r(a).
2
Let g(t) = -4*t**2 + t - 5. Let r(s) = -s**2. Suppose -2*n - 2*n = -l - 7, -1 = -n. Let x(v) = l*r(v) + g(v). Calculate x(0).
-5
Let h(q) = -q**3 + 5*q**2 + q - 7. Suppose 3*b = u + 15, 4*b + 0 = -3*u + 20. Determine h(b).
-2
Let a(x) = -x. Let j(f) = 2 - 164*f**2 + 166*f**2 + 4. Let z(y) = -3*y**2 + y - 7. Let w(n) = -4*j(n) - 3*z(n). Let i(o) = -3*a(o) - w(o). What is i(6)?
3
Let g be (-8)/(-5 - (-6 + 3)). Let p(s) = -22*s**2 - 2 - s**3 + 19*s**2 + 3 - g*s - 3. Determine p(-2).
2
Suppose 8*z - 16 = 4*z. Suppose 3*o - 17 = -5*a, 5*o + 0*o = -z*a + 24. Suppose 0 = o*h - 5*h + 3. Let f(t) = t - 1. Calculate f(h).
2
Let m(t) = -t. Let o be m(-2). Let w(i) be the third derivative of 0 + 1/12*i**4 + 0*i + 1/60*i**5 - 1/60*i**6 + 1/6*i**3 - 5*i**o. Determine w(2).
-7
Let a(k) be the third derivative of 0*k - 4/3*k**3 + 0 + 26*k**2 + 1/24*k**4. Calculate a(0).
-8
Let a(n) = n**3 - 25*n**2 - 54*n + 7. Let h be a(27). Let y(l) = -l - 2. Give y(h).
-9
Let k(b) be the third derivative of -b**6/120 + b**5/12 + b**4/6 - b**3/3 + 135*b**2. Give k(4).
30
Suppose 908 - 892 = 4*r. Let q(h) = 3*h**2 - 4*h - 1. Give q(r).
